git of 10608?
1
What is the units digit of 1422?
2
What is the tens digit of 7147?
4
What is the tens digit of 11241?
4
What is the units digit of 137508?
8
What is the tens digit of 6449?
4
What is the units digit of 15619?
9
What is the hundreds digit of 141728?
7
What is the units digit of 14505?
5
What is the hundreds digit of 211?
2
What is the ten thousands digit of 35964?
3
What is the thousands digit of 10458?
0
What is the units digit of 90952?
2
What is the units digit of 25372?
2
What is the units digit of 3294?
4
What is the tens digit of 4102?
0
What is the tens digit of 64864?
6
What is the units digit of 2082?
2
What is the hundreds digit of 26664?
6
What is the thousands digit of 4899?
4
What is the units digit of 143?
3
What is the hundreds digit of 3936?
9
What is the hundreds digit of 242?
2
What is the tens digit of 4607?
0
What is the hundreds digit of 335?
3
What is the thousands digit of 1173?
1
What is the thousands digit of 6162?
6
What is the units digit of 34205?
5
What is the hundreds digit of 680?
6
What is the units digit of 3964?
4
What is the tens digit of 586?
8
What is the ten thousands digit of 14815?
1
What is the tens digit of 2975?
7
What is the units digit of 6690?
0
What is the tens digit of 11602?
0
What is the hundred thousands digit of 111247?
1
What is the tens digit of 417?
1
What is the hundreds digit of 3007?
0
What is the thousands digit of 25800?
5
What is the ten thousands digit of 10535?
1
What is the units digit of 12597?
7
What is the units digit of 110284?
4
What is the ten thousands digit of 53588?
5
What is the hundreds digit of 1118?
1
What is the thousands digit of 37546?
7
What is the hundreds digit of 784?
7
What is the thousands digit of 78476?
8
What is the tens digit of 384?
8
What is the thousands digit of 4579?
4
What is the units digit of 634?
4
What is the tens digit of 5647?
4
What is the thousands digit of 83007?
3
What is the units digit of 1484?
4
What is the units digit of 13851?
1
What is the units digit of 340?
0
What is the thousands digit of 8179?
8
What is the units digit of 470?
0
What is the tens digit of 741?
4
What is the thousands digit of 15169?
5
What is the units digit of 404?
4
What is the tens digit of 53716?
1
What is the hundreds digit of 9678?
6
What is the hundreds digit of 32525?
5
What is the tens digit of 4266?
6
What is the hundreds digit of 56560?
5
What is the thousands digit of 12052?
2
What is the ten thousands digit of 13722?
1
What is the ten thousands digit of 11801?
1
What is the hundreds digit of 30337?
3
What is the tens digit of 482?
8
What is the units digit of 808?
8
What is the thousands digit of 4047?
4
What is the thousands digit of 3910?
3
What is the hundreds digit of 21213?
2
What is the hundreds digit of 154?
1
What is the tens digit of 940?
4
What is the thousands digit of 121718?
1
What is the hundreds digit of 40584?
5
What is the thousands digit of 1132?
1
What is the hundred thousands digit of 121489?
1
What is the units digit of 1995?
5
What is the hundreds digit of 63143?
1
What is the tens digit of 572?
7
What is the units digit of 92533?
3
What is the hundreds digit of 23816?
8
What is the tens digit of 10230?
3
What is the units digit of 11667?
7
What is the tens digit of 5417?
1
What is the hundreds digit of 673?
6
What is the hundreds digit of 9627?
6
What is the thousands digit of 1705?
1
What is the hundreds digit of 45523?
5
What is the tens digit of 12291?
9
What is the hundreds digit of 677?
6
What is the hundreds digit of 2439?
4
What is the thousands digit of 18283?
8
What is the units digit of 22336?
6
What is the hundreds digit of 5073?
0
What is the hundreds digit of 69072?
0
What is the tens digit of 1001?
0
What is the tens digit of 792?
9
What is the thousands digit of 2602?
2
What is the units digit of 5542?
2
What is the tens digit of 41161?
6
What is the units digit of 209?
9
What is the thousands digit of 27909?
7
What is the tens digit of 2031?
3
What is the tens digit of 98886?
8
What is the ten thousands digit of 69102?
6
What is the tens digit of 64196?
9
What is the tens digit of 5017?
1
What is the units digit of 8209?
9
What is the units digit of 3917?
7
What is the units digit of 1142?
2
What is the tens digit of 9206?
0
What is the tens digit of 43105?
0
What is the hundreds digit of 7546?
5
What is the thousands digit of 36055?
6
What is the tens digit of 150444?
4
What is the units digit of 12969?
9
What is the units digit of 277?
7
What is the thousands digit of 1653?
1
What is the hundreds digit of 1358?
3
What is the thousands digit of 5638?
5
What is the thousands digit of 102286?
2
What is the tens digit of 2022?
2
What is the tens digit of 6903?
0
What is the tens digit of 912?
1
What is the units digit of 14644?
4
What is the tens digit of 44?
4
What is the hundreds digit of 21432?
4
What is the thousands digit of 2751?
2
What is the ten thousands digit of 27281?
2
What is the thousands digit of 8619?
8
What is the units digit of 170?
0
What is the hundreds digit of 914?
9
What is the thousands digit of 12929?
2
What is the units digit of 8800?
0
What is the units digit of 14844?
4
What is the ten thousands digit of 19554?
1
What is the units digit of 15018?
8
What is the thousands digit of 6326?
6
What is the thousands digit of 41159?
1
What is the units digit of 725?
5
What is the units digit of 502?
2
What is the units digit of 24376?
6
What is the ten thousands digit of 78302?
7
What is the thousands digit of 4975?
4
What is the thousands digit of 17541?
7
What is the ten thousands digit of 15978?
1
What is the thousands digit of 14794?
4
What is the hundreds digit of 23939?
9
What is the tens digit of 416?
1
What is the tens digit of 5046?
4
What is the units digit of 6917?
7
What is the ten thousands digit of 11449?
1
What is the thousands digit of 39212?
9
What is the tens digit of 33436?
3
What is the thousands digit of 3965?
3
What is the tens digit of 272?
7
What is the ten thousands digit of 28276?
2
What is the units digit of 1830?
0
What is the units digit of 8693?
3
What is the hundreds digit of 2868?
8
What is the hundreds digit of 370?
3
What is the tens digit of 8001?
0
What is the hundreds digit of 198?
1
What is the hundreds digit of 180?
1
What is the hundreds digit of 1265?
2
What is the tens digit of 2147?
4
What is the tens digit of 4998?
9
What is the tens digit of 23259?
5
What is the tens digit of 2354?
5
What is the hundreds digit of 6298?
2
What is the hundreds digit of 2558?
5
What is the hundred thousands digit of 117504?
1
What is the thousands digit of 1380?
1
What is the tens digit of 451?
5
What is the units digit of 2033?
3
What is the hundreds digit of 4161?
1
What is the hundreds digit of 8756?
7
What is the hundreds digit of 1782?
7
What is the units digit of 393?
3
What is the ten thousands digit of 68759?
6
What is the thousands digit of 22594?
2
What is the hundreds digit of 409?
4
What is the units digit of 23469?
9
What is the thousands digit of 21568?
1
What is the tens digit of 10897?
9
What is the tens digit of 34908?
0
What is the thousands digit of 6614?
6
What is the units digit of 1242?
2
What is the hundreds digit of 5044?
0
What is the tens digit of 9586?
8
What is the ten thousands digit of 39156?
3
What is the units digit of 1954?
4
What is the tens digit of 1364?
6
What is the hundreds digit of 632?
6
What is the tens digit of 103?
0
What is the hundreds digit of 44842?
8
What is the thousands digit of 3966?
3
What is the ten thousands digit of 111756?
1
What is the ten thousands digit of 41039?
4
What is the thousands digit of 43520?
3
What is the units digit of 2527?
7
What is the units digit of 64357?
7
What is the hundreds digit of 255?
2
What is the units digit of 136682?
2
What is the ten thousands digit of 14526?
1
What is the thousands digit of 4497?
4
What is the ten thousands digit of 108339?
0
What is the units digit of 1465?
5
What is the tens digit of 817?
1
What is the hundreds digit of 826?
8
What is the hundreds digit of 6174?
1
What is the thousands digit of 3828?
3
What is the hundreds digit of 57796?
7
What is the thousands digit of 23786?
3
What is the thousands digit of 39044?
9
What is the thousands digi